{"id":24723,"date":"2024-11-20T03:06:08","date_gmt":"2024-11-20T03:06:08","guid":{"rendered":"https:\/\/bgbideas.com.ar\/merchandising\/producto\/botella-training-750ml\/"},"modified":"2026-04-08T03:11:30","modified_gmt":"2026-04-08T03:11:30","slug":"botella-training-750ml","status":"publish","type":"product","link":"https:\/\/bgbideas.com.ar\/merchandising\/producto\/botella-training-750ml\/","title":{"rendered":"Botella Training 750ml"},"content":{"rendered":"<p>Botella pl\u00e1stica reutilizable BPA free. Contiene pico rebatible que al tener cerrado imposibilita la salida de l\u00edquidos, y al abrirlo permite tomar f\u00e1cilmente mientras se realizan actividades deportivas. Tambi\u00e9n la tapa lleva agarre para f\u00e1cil traslado. Este producto contribuye al medio ambiente con la reducci\u00f3n de residuos, d\u00e1ndole m\u00faltiples usos a un producto que es com\u00fanmente desechado. <\/p>\n<p>Capacidad: 750 ml |<br \/>\nMedidas: \u00f8 7 x 24 cm |<br \/>\n\u00c1rea de decoraci\u00f3n: 18 cm |<br \/>\nTecnolog\u00eda de decoraci\u00f3n: Serigraf\u00eda rotativa |<br \/>\nMateriales principales: Pl\u00e1stico<\/p>\n","protected":false},"excerpt":{"rendered":"<p>Botella reutilizable con pico rebatible<\/p>\n","protected":false},"featured_media":24773,"template":"","meta":{"_joinchat":[],"footnotes":""},"product_cat":[15,3089,2931],"product_tag":[],"class_list":["post-24723","product","type-product","status-publish","has-post-thumbnail","hentry","product_cat-productos","product_cat-botella","product_cat-drinkware"],"acf":[],"_links":{"self":[{"href":"https:\/\/bgbideas.com.ar\/merchandising\/wp-json\/wp\/v2\/product\/24723","targetHints":{"allow":["GET"]}}],"collection":[{"href":"https:\/\/bgbideas.com.ar\/merchandising\/wp-json\/wp\/v2\/product"}],"about":[{"href":"https:\/\/bgbideas.com.ar\/merchandising\/wp-json\/wp\/v2\/types\/product"}],"version-history":[{"count":3,"href":"https:\/\/bgbideas.com.ar\/merchandising\/wp-json\/wp\/v2\/product\/24723\/revisions"}],"predecessor-version":[{"id":24836,"href":"https:\/\/bgbideas.com.ar\/merchandising\/wp-json\/wp\/v2\/product\/24723\/revisions\/24836"}],"wp:featuredmedia":[{"embeddable":true,"href":"https:\/\/bgbideas.com.ar\/merchandising\/wp-json\/wp\/v2\/media\/24773"}],"wp:attachment":[{"href":"https:\/\/bgbideas.com.ar\/merchandising\/wp-json\/wp\/v2\/media?parent=24723"}],"wp:term":[{"taxonomy":"product_cat","embeddable":true,"href":"https:\/\/bgbideas.com.ar\/merchandising\/wp-json\/wp\/v2\/product_cat?post=24723"},{"taxonomy":"product_tag","embeddable":true,"href":"https:\/\/bgbideas.com.ar\/merchandising\/wp-json\/wp\/v2\/product_tag?post=24723"}],"curies":[{"name":"wp","href":"https:\/\/api.w.org\/{rel}","templated":true}]}}