{"id":18802,"date":"2022-02-01T02:35:45","date_gmt":"2022-02-01T02:35:45","guid":{"rendered":"https:\/\/bgbideas.com.ar\/merchandising\/producto\/libreta-anotador-foly\/"},"modified":"2026-04-04T03:02:22","modified_gmt":"2026-04-04T03:02:22","slug":"libreta-anotador-foly","status":"publish","type":"product","link":"https:\/\/bgbideas.com.ar\/merchandising\/producto\/libreta-anotador-foly\/","title":{"rendered":"LIBRETA ANOTADOR FOLY"},"content":{"rendered":"<p>Libreta con espiral<br \/>\nMaterial pl\u00e1stico flexible translucido<br \/>\nIncluye bol\u00edgrafo retr\u00e1ctil<br \/>\ncontiene<br \/>\n70 hojas lisas<\/p>\n","protected":false},"excerpt":{"rendered":"<p>Libreta con espiral Material pl\u00e1stico flexible translucido Incluye bol\u00edgrafo retr\u00e1ctil contiene 70 hojas lisas<\/p>\n","protected":false},"featured_media":18802,"template":"","meta":{"_joinchat":[],"footnotes":""},"product_cat":[15,3098,2955,2934],"product_tag":[],"class_list":["post-18802","product","type-product","status-publish","has-post-thumbnail","hentry","product_cat-productos","product_cat-cuadernos-anotadores","product_cat-escolares","product_cat-oficina"],"acf":[],"_links":{"self":[{"href":"https:\/\/bgbideas.com.ar\/merchandising\/wp-json\/wp\/v2\/product\/18802","targetHints":{"allow":["GET"]}}],"collection":[{"href":"https:\/\/bgbideas.com.ar\/merchandising\/wp-json\/wp\/v2\/product"}],"about":[{"href":"https:\/\/bgbideas.com.ar\/merchandising\/wp-json\/wp\/v2\/types\/product"}],"version-history":[{"count":0,"href":"https:\/\/bgbideas.com.ar\/merchandising\/wp-json\/wp\/v2\/product\/18802\/revisions"}],"wp:featuredmedia":[{"embeddable":true,"href":"https:\/\/bgbideas.com.ar\/merchandising\/wp-json\/wp\/v2\/product\/18802"}],"wp:attachment":[{"href":"https:\/\/bgbideas.com.ar\/merchandising\/wp-json\/wp\/v2\/media?parent=18802"}],"wp:term":[{"taxonomy":"product_cat","embeddable":true,"href":"https:\/\/bgbideas.com.ar\/merchandising\/wp-json\/wp\/v2\/product_cat?post=18802"},{"taxonomy":"product_tag","embeddable":true,"href":"https:\/\/bgbideas.com.ar\/merchandising\/wp-json\/wp\/v2\/product_tag?post=18802"}],"curies":[{"name":"wp","href":"https:\/\/api.w.org\/{rel}","templated":true}]}}